{"id":451,"date":"2019-08-26T13:58:36","date_gmt":"2019-08-26T11:58:36","guid":{"rendered":"http:\/\/soludata.fr\/?page_id=451"},"modified":"2023-05-09T12:48:45","modified_gmt":"2023-05-09T10:48:45","slug":"accueil","status":"publish","type":"page","link":"https:\/\/soludata.fr\/","title":{"rendered":"D\u00c9PANNAGE INFORMATIQUE \u00c0 DOMICILE ET \u00c1 DISTANCE"},"content":{"rendered":"<div class=\"wp-block-image\">\n<figure class=\"aligncenter is-resized\"><img decoding=\"async\" loading=\"lazy\" src=\"http:\/\/soludata.fr\/wp-content\/uploads\/2019\/11\/Accueil-Soludata-1024x389.jpg\" alt=\"\" class=\"wp-image-589\" width=\"577\" height=\"219\" srcset=\"https:\/\/soludata.fr\/wp-content\/uploads\/2019\/11\/Accueil-Soludata-1024x389.jpg 1024w, https:\/\/soludata.fr\/wp-content\/uploads\/2019\/11\/Accueil-Soludata-300x114.jpg 300w, https:\/\/soludata.fr\/wp-content\/uploads\/2019\/11\/Accueil-Soludata-768x292.jpg 768w, https:\/\/soludata.fr\/wp-content\/uploads\/2019\/11\/Accueil-Soludata.jpg 1501w\" sizes=\"(max-width: 577px) 100vw, 577px\" \/><\/figure><\/div>\n\n\n<p class=\"has-text-align-center\" style=\"font-size:18px\"><strong>\u00ab\u00a0Votre d\u00e9pannage Informatique \u00e0 domicile de Metz \u00e0 Nancy\u00a0\u00bb<\/strong><\/p>\n\n\n\n<p class=\"has-text-align-center\" style=\"font-size:18px\"><strong>\u00ab\u00a0Votre <\/strong><a href=\"http:\/\/soludata.fr\/?page_id=14\"><strong>devis gratuit<\/strong><\/a><strong> par mail sur simple demande\u00a0\u00bb<\/strong><\/p>\n\n\n\n<p class=\"has-text-align-center\" style=\"font-size:18px\"><strong>\u00ab\u00a0D\u00e9pannage 7 jours sur 7\u00a0\u00bb<\/strong><\/p>\n\n\n\n<p class=\"has-text-align-center\" style=\"font-size:34px\"><strong>Appelez-nous: 06-10-74-47-21<\/strong><\/p>\n","protected":false},"excerpt":{"rendered":"<p class=\"qua-blog-post-description\">\u00ab\u00a0Votre d\u00e9pannage Informatique \u00e0 domicile de Metz \u00e0 Nancy\u00a0\u00bb \u00ab\u00a0Votre devis gratuit par mail sur simple demande\u00a0\u00bb \u00ab\u00a0D\u00e9pannage 7 jours sur 7\u00a0\u00bb Appelez-nous: 06-10-74-47-21<\/p>\n","protected":false},"author":1,"featured_media":384,"parent":0,"menu_order":0,"comment_status":"closed","ping_status":"closed","template":"full-width.php","meta":[],"_links":{"self":[{"href":"https:\/\/soludata.fr\/index.php?rest_route=\/wp\/v2\/pages\/451"}],"collection":[{"href":"https:\/\/soludata.fr\/index.php?rest_route=\/wp\/v2\/pages"}],"about":[{"href":"https:\/\/soludata.fr\/index.php?rest_route=\/wp\/v2\/types\/page"}],"author":[{"embeddable":true,"href":"https:\/\/soludata.fr\/index.php?rest_route=\/wp\/v2\/users\/1"}],"replies":[{"embeddable":true,"href":"https:\/\/soludata.fr\/index.php?rest_route=%2Fwp%2Fv2%2Fcomments&post=451"}],"version-history":[{"count":50,"href":"https:\/\/soludata.fr\/index.php?rest_route=\/wp\/v2\/pages\/451\/revisions"}],"predecessor-version":[{"id":821,"href":"https:\/\/soludata.fr\/index.php?rest_route=\/wp\/v2\/pages\/451\/revisions\/821"}],"wp:featuredmedia":[{"embeddable":true,"href":"https:\/\/soludata.fr\/index.php?rest_route=\/wp\/v2\/media\/384"}],"wp:attachment":[{"href":"https:\/\/soludata.fr\/index.php?rest_route=%2Fwp%2Fv2%2Fmedia&parent=451"}],"curies":[{"name":"wp","href":"https:\/\/api.w.org\/{rel}","templated":true}]}}